{"id":28943,"date":"2021-07-12T13:32:44","date_gmt":"2021-07-12T13:32:44","guid":{"rendered":"http:\/\/www.epdsiee.com\/?page_id=28943"},"modified":"2024-04-16T16:03:51","modified_gmt":"2024-04-16T16:03:51","slug":"contactos","status":"publish","type":"page","link":"https:\/\/academiadeseguranca.com\/index.php\/contactos\/","title":{"rendered":"Contactos"},"content":{"rendered":"<p>[et_pb_section fb_built=&#8221;1&#8243; _builder_version=&#8221;4.19.4&#8243; _module_preset=&#8221;default&#8221; background_enable_image=&#8221;off&#8221; background_size=&#8221;contain&#8221; background_position=&#8221;top_right&#8221; min_height=&#8221;100vh&#8221; custom_margin=&#8221;||||false|false&#8221; custom_margin_tablet=&#8221;||||false|false&#8221; custom_margin_phone=&#8221;&#8221; custom_margin_last_edited=&#8221;on|desktop&#8221; custom_padding=&#8221;0px||||false|false&#8221; da_disable_devices=&#8221;off|off|off&#8221; border_color_top=&#8221;rgba(196,196,196,0.4)&#8221; global_colors_info=&#8221;{}&#8221; da_is_popup=&#8221;off&#8221; da_exit_intent=&#8221;off&#8221; da_has_close=&#8221;on&#8221; da_alt_close=&#8221;off&#8221; da_dark_close=&#8221;off&#8221; da_not_modal=&#8221;on&#8221; da_is_singular=&#8221;off&#8221; da_with_loader=&#8221;off&#8221; da_has_shadow=&#8221;on&#8221;][et_pb_row _builder_version=&#8221;4.18.0&#8243; _module_preset=&#8221;default&#8221; max_width=&#8221;1280px&#8221; custom_padding=&#8221;104px||||false|false&#8221; global_colors_info=&#8221;{}&#8221;][et_pb_column type=&#8221;4_4&#8243; _builder_version=&#8221;4.16&#8243; _module_preset=&#8221;default&#8221; global_colors_info=&#8221;{}&#8221;][et_pb_text _builder_version=&#8221;4.24.3&#8243; _module_preset=&#8221;default&#8221; header_font_size=&#8221;45px&#8221; header_2_text_color=&#8221;#000000&#8243; header_2_font_size=&#8221;45px&#8221; hover_enabled=&#8221;0&#8243; header_2_font_size_tablet=&#8221;45px&#8221; header_2_font_size_phone=&#8221;45px&#8221; header_2_font_size_last_edited=&#8221;on|desktop&#8221; global_colors_info=&#8221;{}&#8221; header_font=&#8221;|700|||||||&#8221; sticky_enabled=&#8221;0&#8243;]<\/p>\n<h1>Contactos<\/h1>\n<p>&nbsp;<\/p>\n<p>[\/et_pb_text][\/et_pb_column][\/et_pb_row][et_pb_row column_structure=&#8221;1_3,1_3,1_3&#8243; use_custom_gutter=&#8221;on&#8221; gutter_width=&#8221;1&#8243; _builder_version=&#8221;4.18.0&#8243; _module_preset=&#8221;default&#8221; max_width=&#8221;1280px&#8221; border_color_bottom=&#8221;#C4C4C4&#8243; locked=&#8221;off&#8221; global_colors_info=&#8221;{}&#8221;][et_pb_column type=&#8221;1_3&#8243; _builder_version=&#8221;4.16&#8243; _module_preset=&#8221;default&#8221; global_colors_info=&#8221;{}&#8221;][et_pb_blurb title=&#8221;Localiza\u00e7\u00e3o&#8221; use_icon=&#8221;on&#8221; font_icon=&#8221;&#xf3c5;||fa||900&#8243; icon_color=&#8221;#14badd&#8221; image_icon_width=&#8221;41px&#8221; _builder_version=&#8221;4.21.0&#8243; _module_preset=&#8221;default&#8221; header_text_align=&#8221;center&#8221; header_text_color=&#8221;#2fc3de&#8221; header_letter_spacing=&#8221;1px&#8221; body_font=&#8221;Open Sans||||||||&#8221; body_text_color=&#8221;#777777&#8243; image_max_width=&#8221;11%&#8221; global_colors_info=&#8221;{}&#8221;]<\/p>\n<p style=\"text-align: center;\"><span>Lisboa | Funchal | Ponta Delgada<\/span><\/p>\n<p>[\/et_pb_blurb][\/et_pb_column][et_pb_column type=&#8221;1_3&#8243; _builder_version=&#8221;4.16&#8243; _module_preset=&#8221;default&#8221; global_colors_info=&#8221;{}&#8221;][et_pb_blurb title=&#8221;Endere\u00e7o de Email&#8221; use_icon=&#8221;on&#8221; font_icon=&#8221;&#xf1fa;||fa||900&#8243; icon_color=&#8221;#14badd&#8221; image_icon_width=&#8221;41px&#8221; _builder_version=&#8221;4.24.3&#8243; _module_preset=&#8221;default&#8221; header_text_align=&#8221;center&#8221; header_text_color=&#8221;#2fc3de&#8221; header_letter_spacing=&#8221;1px&#8221; body_font=&#8221;Open Sans||||||||&#8221; body_text_color=&#8221;#777777&#8243; image_max_width=&#8221;11%&#8221; global_colors_info=&#8221;{}&#8221;]<\/p>\n<p style=\"text-align: center;\"><span style=\"color: #808080;\"><a href=\"mailto:secretariado@academiadeseguranca.com\" style=\"color: #808080;\">secretariado@academiadeseguranca.com<\/a><\/span><\/p>\n<p>[\/et_pb_blurb][\/et_pb_column][et_pb_column type=&#8221;1_3&#8243; _builder_version=&#8221;4.16&#8243; _module_preset=&#8221;default&#8221; global_colors_info=&#8221;{}&#8221;][et_pb_blurb title=&#8221;Contacto Telef\u00f3nico&#8221; use_icon=&#8221;on&#8221; font_icon=&#8221;&#xf879;||fa||900&#8243; icon_color=&#8221;#14badd&#8221; image_icon_width=&#8221;41px&#8221; _builder_version=&#8221;4.21.0&#8243; _module_preset=&#8221;default&#8221; header_text_align=&#8221;center&#8221; header_text_color=&#8221;#2fc3de&#8221; header_letter_spacing=&#8221;1px&#8221; body_font=&#8221;Open Sans||||||||&#8221; body_text_align=&#8221;center&#8221; body_text_color=&#8221;#777777&#8243; image_max_width=&#8221;11%&#8221; global_colors_info=&#8221;{}&#8221;]<\/p>\n<p>+351 239 091 816<br \/><spam style=\"font-size: 12px;\">Chamada para a rede fixa nacional<\/spam><\/p>\n<p>[\/et_pb_blurb][\/et_pb_column][\/et_pb_row][et_pb_row _builder_version=&#8221;4.21.0&#8243; _module_preset=&#8221;default&#8221; global_colors_info=&#8221;{}&#8221;][et_pb_column type=&#8221;4_4&#8243; _builder_version=&#8221;4.21.0&#8243; _module_preset=&#8221;default&#8221; global_colors_info=&#8221;{}&#8221;][et_pb_code _builder_version=&#8221;4.24.3&#8243; _module_preset=&#8221;default&#8221; global_colors_info=&#8221;{}&#8221;]<div class=\"forminator-ui forminator-custom-form forminator-custom-form-34603 forminator-design--default  forminator_ajax\" data-forminator-render=\"0\" data-form=\"forminator-module-34603\" data-uid=\"69e1c7a1d0c2d\"><br\/><\/div><form\n\t\t\t\tid=\"forminator-module-34603\"\n\t\t\t\tclass=\"forminator-ui forminator-custom-form forminator-custom-form-34603 forminator-design--default  forminator_ajax\"\n\t\t\t\tmethod=\"post\"\n\t\t\t\tdata-forminator-render=\"0\"\n\t\t\t\tdata-form-id=\"34603\"\n\t\t\t\t\n\t\t\t\tdata-design=\"default\"\n\t\t\t\t\n\t\t\t\t\n\t\t\t\t\n\t\t\t\tdata-grid=\"open\"\n\t\t\t\t\n\t\t\t\t\n\t\t\t\tstyle=\"display: none;\"\n\t\t\t\t\n\t\t\t\tdata-uid=\"69e1c7a1d0c2d\"\n\t\t\t><div role=\"alert\" aria-live=\"polite\" class=\"forminator-response-message forminator-error\" aria-hidden=\"true\"><\/div><div class=\"forminator-row\"><div id=\"name-1\" class=\"forminator-field-name forminator-col forminator-col-12 \"><div class=\"forminator-field\"><label for=\"forminator-field-name-1_69e1c7a1d0c2d\" class=\"forminator-label\" id=\"forminator-field-name-1_69e1c7a1d0c2d-label\">Nome <span class=\"forminator-required\">*<\/span><\/label><input type=\"text\" name=\"name-1\" value=\"\" placeholder=\"\" id=\"forminator-field-name-1_69e1c7a1d0c2d\" class=\"forminator-input forminator-name--field\" aria-required=\"true\" \/><\/div><\/div><\/div><div class=\"forminator-row\"><div id=\"name-2\" class=\"forminator-field-name forminator-col forminator-col-12 \"><div class=\"forminator-field\"><label for=\"forminator-field-name-2_69e1c7a1d0c2d\" class=\"forminator-label\" id=\"forminator-field-name-2_69e1c7a1d0c2d-label\">Entidade <span class=\"forminator-required\">*<\/span><\/label><input type=\"text\" name=\"name-2\" value=\"\" placeholder=\"\" id=\"forminator-field-name-2_69e1c7a1d0c2d\" class=\"forminator-input forminator-name--field\" aria-required=\"true\" \/><\/div><\/div><\/div><div class=\"forminator-row\"><div id=\"email-1\" class=\"forminator-field-email forminator-col forminator-col-12 \"><div class=\"forminator-field\"><label for=\"forminator-field-email-1_69e1c7a1d0c2d\" class=\"forminator-label\" id=\"forminator-field-email-1_69e1c7a1d0c2d-label\">Email <span class=\"forminator-required\">*<\/span><\/label><input type=\"email\" name=\"email-1\" value=\"\" placeholder=\"\" id=\"forminator-field-email-1_69e1c7a1d0c2d\" class=\"forminator-input forminator-email--field\" data-required=\"true\" aria-required=\"true\" \/><\/div><\/div><\/div><div class=\"forminator-row\"><div id=\"phone-1\" class=\"forminator-field-phone forminator-col forminator-col-12 \"><div class=\"forminator-field\"><label for=\"forminator-field-phone-1_69e1c7a1d0c2d\" class=\"forminator-label\" id=\"forminator-field-phone-1_69e1c7a1d0c2d-label\">Telefone <span class=\"forminator-required\">*<\/span><\/label><input type=\"text\" name=\"phone-1\" value=\"\" placeholder=\"\" id=\"forminator-field-phone-1_69e1c7a1d0c2d\" class=\"forminator-input forminator-field--phone\" data-required=\"1\" aria-required=\"true\" autocomplete=\"off\" \/><\/div><\/div><\/div><div class=\"forminator-row\"><div id=\"name-3\" class=\"forminator-field-name forminator-col forminator-col-12 \"><div class=\"forminator-field\"><label for=\"forminator-field-name-3_69e1c7a1d0c2d\" class=\"forminator-label\" id=\"forminator-field-name-3_69e1c7a1d0c2d-label\">Assunto <span class=\"forminator-required\">*<\/span><\/label><input type=\"text\" name=\"name-3\" value=\"\" placeholder=\"\" id=\"forminator-field-name-3_69e1c7a1d0c2d\" class=\"forminator-input forminator-name--field\" aria-required=\"true\" \/><\/div><\/div><\/div><div class=\"forminator-row\"><div id=\"textarea-1\" class=\"forminator-field-textarea forminator-col forminator-col-12 \"><div class=\"forminator-field\"><label for=\"forminator-field-textarea-1_69e1c7a1d0c2d\" id=\"forminator-field-textarea-1_69e1c7a1d0c2d-label\" class=\"forminator-label\">Mensagem<\/label><textarea name=\"textarea-1\" placeholder=\"...\" id=\"forminator-field-textarea-1_69e1c7a1d0c2d\" class=\"forminator-textarea\" rows=\"6\" style=\"min-height:140px;\" maxlength=\"180\" ><\/textarea><span id=\"forminator-field-textarea-1_69e1c7a1d0c2d-description\" class=\"forminator-description\"><span data-limit=\"180\" data-type=\"characters\">0 \/ 180<\/span><\/span><\/div><\/div><\/div><div class=\"forminator-row\"><div id=\"checkbox-2\" class=\"forminator-field-checkbox forminator-col forminator-col-12 \"><div role=\"group\" class=\"forminator-field required\" aria-labelledby=\"forminator-checkbox-group-69e1c7a1d0c2d-label\"><h4 id=\"forminator-checkbox-group-69e1c7a1d0c2d-label\" class=\"forminator-label\">Tratamento de Dados Pessoais <span class=\"forminator-required\">*<\/span><\/h4><label id=\"forminator-field-checkbox-2-1-69e1c7a1d0c2d-label\" for=\"forminator-field-checkbox-2-1-69e1c7a1d0c2d\" class=\"forminator-checkbox\" title=\"Autorizo expressamente o tratamento destes dados pessoais para efeitos de contacto e envio de informa\u00e7\u00f5es da Academia de Seguran\u00e7a pela Audiqcer de acordo com os termos e condi\u00e7\u00f5es da Pol\u00edtica de Prote\u00e7\u00e3o de Dados que se encontram dispon\u00edveis em www.academiadeseguranca.com. Estou informado de que a Audiqcer procede \u00e0 conserva\u00e7\u00e3o dos dados durante o per\u00edodo necess\u00e1rio \u00e0 prossecu\u00e7\u00e3o das finalidades de tratamento, cumprindo com os prazos legais. Tenho consci\u00eancia de que posso exercer os meus direitos de prote\u00e7\u00e3o de dados, nomeadamente os direitos de informa\u00e7\u00e3o, acesso, consulta, retifica\u00e7\u00e3o, oposi\u00e7\u00e3o ao tratamento, apagamento ou remo\u00e7\u00e3o de subscri\u00e7\u00e3o, dentro do hor\u00e1rio normal de funcionamento, atrav\u00e9s de contacto com o Encarregado da Prote\u00e7\u00e3o de Dados da Audiqcer, pelo correio eletr\u00f3nico protecaodedados@audiqcer.com.\"><input type=\"checkbox\" name=\"checkbox-2[]\" value=\"one\" id=\"forminator-field-checkbox-2-1-69e1c7a1d0c2d\" aria-labelledby=\"forminator-field-checkbox-2-1-69e1c7a1d0c2d-label\" data-calculation=\"0\"   aria-describedby=\"forminator-field-checkbox-2-69e1c7a1d0c2d-description\"\/><span class=\"forminator-checkbox-box\" aria-hidden=\"true\"><\/span><span class=\"forminator-checkbox-label\">Autorizo expressamente o tratamento destes dados pessoais para efeitos de contacto e envio de informa\u00e7\u00f5es da Academia de Seguran\u00e7a pela Audiqcer de acordo com os termos e condi\u00e7\u00f5es da Pol\u00edtica de Prote\u00e7\u00e3o de Dados que se encontram dispon\u00edveis em www.academiadeseguranca.com. Estou informado de que a Audiqcer procede \u00e0 conserva\u00e7\u00e3o dos dados durante o per\u00edodo necess\u00e1rio \u00e0 prossecu\u00e7\u00e3o das finalidades de tratamento, cumprindo com os prazos legais. Tenho consci\u00eancia de que posso exercer os meus direitos de prote\u00e7\u00e3o de dados, nomeadamente os direitos de informa\u00e7\u00e3o, acesso, consulta, retifica\u00e7\u00e3o, oposi\u00e7\u00e3o ao tratamento, apagamento ou remo\u00e7\u00e3o de subscri\u00e7\u00e3o, dentro do hor\u00e1rio normal de funcionamento, atrav\u00e9s de contacto com o Encarregado da Prote\u00e7\u00e3o de Dados da Audiqcer, pelo correio eletr\u00f3nico protecaodedados@audiqcer.com.<\/span><\/label><\/div><\/div><\/div><div class=\"forminator-row\"><\/div><input type=\"hidden\" name=\"referer_url\" value=\"\" \/><div class=\"forminator-row forminator-row-last\"><div class=\"forminator-col\"><div class=\"forminator-field\"><button class=\"forminator-button forminator-button-submit\">Enviar Mensagem<\/button><\/div><\/div><\/div><input type=\"hidden\" id=\"forminator_nonce\" name=\"forminator_nonce\" value=\"a2a8515135\" \/><input type=\"hidden\" name=\"_wp_http_referer\" value=\"\/index.php\/wp-json\/wp\/v2\/pages\/28943\" \/><input type=\"hidden\" name=\"form_id\" value=\"34603\"><input type=\"hidden\" name=\"page_id\" value=\"28943\"><input type=\"hidden\" name=\"form_type\" value=\"default\"><input type=\"hidden\" name=\"current_url\" value=\"https:\/\/academiadeseguranca.com\/index.php\/contactos\/\"><input type=\"hidden\" name=\"render_id\" value=\"0\"><input type=\"hidden\" name=\"action\" value=\"forminator_submit_form_custom-forms\"><\/form>[\/et_pb_code][\/et_pb_column][\/et_pb_row][\/et_pb_section]<\/p>\n","protected":false},"excerpt":{"rendered":"<p>Contactos &nbsp;Lisboa | Funchal | Ponta Delgadasecretariado@academiadeseguranca.com+351 239 091 816Chamada para a rede fixa nacional<div class=\"forminator-ui forminator-custom-form forminator-custom-form-34603 forminator-design--default  forminator_ajax\" data-forminator-render=\"1\" data-form=\"forminator-module-34603\" data-uid=\"69e1c7a1e324e\"><br\/><\/div><form\n\t\t\t\tid=\"forminator-module-34603\"\n\t\t\t\tclass=\"forminator-ui forminator-custom-form forminator-custom-form-34603 forminator-design--default  forminator_ajax\"\n\t\t\t\tmethod=\"post\"\n\t\t\t\tdata-forminator-render=\"1\"\n\t\t\t\tdata-form-id=\"34603\"\n\t\t\t\t\n\t\t\t\tdata-design=\"default\"\n\t\t\t\t\n\t\t\t\t\n\t\t\t\t\n\t\t\t\tdata-grid=\"open\"\n\t\t\t\t\n\t\t\t\t\n\t\t\t\tstyle=\"display: none;\"\n\t\t\t\t\n\t\t\t\tdata-uid=\"69e1c7a1e324e\"\n\t\t\t><div role=\"alert\" aria-live=\"polite\" class=\"forminator-response-message forminator-error\" aria-hidden=\"true\"><\/div><div class=\"forminator-row\"><div id=\"name-1\" class=\"forminator-field-name forminator-col forminator-col-12 \"><div class=\"forminator-field\"><label for=\"forminator-field-name-1_69e1c7a1e324e\" class=\"forminator-label\" id=\"forminator-field-name-1_69e1c7a1e324e-label\">Nome <span class=\"forminator-required\">*<\/span><\/label><input type=\"text\" name=\"name-1\" value=\"\" placeholder=\"\" id=\"forminator-field-name-1_69e1c7a1e324e\" class=\"forminator-input forminator-name--field\" aria-required=\"true\" \/><\/div><\/div><\/div><div class=\"forminator-row\"><div id=\"name-2\" class=\"forminator-field-name forminator-col forminator-col-12 \"><div class=\"forminator-field\"><label for=\"forminator-field-name-2_69e1c7a1e324e\" class=\"forminator-label\" id=\"forminator-field-name-2_69e1c7a1e324e-label\">Entidade <span class=\"forminator-required\">*<\/span><\/label><input type=\"text\" name=\"name-2\" value=\"\" placeholder=\"\" id=\"forminator-field-name-2_69e1c7a1e324e\" class=\"forminator-input forminator-name--field\" aria-required=\"true\" \/><\/div><\/div><\/div><div class=\"forminator-row\"><div id=\"email-1\" class=\"forminator-field-email forminator-col forminator-col-12 \"><div class=\"forminator-field\"><label for=\"forminator-field-email-1_69e1c7a1e324e\" class=\"forminator-label\" id=\"forminator-field-email-1_69e1c7a1e324e-label\">Email <span class=\"forminator-required\">*<\/span><\/label><input type=\"email\" name=\"email-1\" value=\"\" placeholder=\"\" id=\"forminator-field-email-1_69e1c7a1e324e\" class=\"forminator-input forminator-email--field\" data-required=\"true\" aria-required=\"true\" \/><\/div><\/div><\/div><div class=\"forminator-row\"><div id=\"phone-1\" class=\"forminator-field-phone forminator-col forminator-col-12 \"><div class=\"forminator-field\"><label for=\"forminator-field-phone-1_69e1c7a1e324e\" class=\"forminator-label\" id=\"forminator-field-phone-1_69e1c7a1e324e-label\">Telefone <span class=\"forminator-required\">*<\/span><\/label><input type=\"text\" name=\"phone-1\" value=\"\" placeholder=\"\" id=\"forminator-field-phone-1_69e1c7a1e324e\" class=\"forminator-input forminator-field--phone\" data-required=\"1\" aria-required=\"true\" autocomplete=\"off\" \/><\/div><\/div><\/div><div class=\"forminator-row\"><div id=\"name-3\" class=\"forminator-field-name forminator-col forminator-col-12 \"><div class=\"forminator-field\"><label for=\"forminator-field-name-3_69e1c7a1e324e\" class=\"forminator-label\" id=\"forminator-field-name-3_69e1c7a1e324e-label\">Assunto <span class=\"forminator-required\">*<\/span><\/label><input type=\"text\" name=\"name-3\" value=\"\" placeholder=\"\" id=\"forminator-field-name-3_69e1c7a1e324e\" class=\"forminator-input forminator-name--field\" aria-required=\"true\" \/><\/div><\/div><\/div><div class=\"forminator-row\"><div id=\"textarea-1\" class=\"forminator-field-textarea forminator-col forminator-col-12 \"><div class=\"forminator-field\"><label for=\"forminator-field-textarea-1_69e1c7a1e324e\" id=\"forminator-field-textarea-1_69e1c7a1e324e-label\" class=\"forminator-label\">Mensagem<\/label><textarea name=\"textarea-1\" placeholder=\"...\" id=\"forminator-field-textarea-1_69e1c7a1e324e\" class=\"forminator-textarea\" rows=\"6\" style=\"min-height:140px;\" maxlength=\"180\" ><\/textarea><span id=\"forminator-field-textarea-1_69e1c7a1e324e-description\" class=\"forminator-description\"><span data-limit=\"180\" data-type=\"characters\">0 \/ 180<\/span><\/span><\/div><\/div><\/div><div class=\"forminator-row\"><div id=\"checkbox-2\" class=\"forminator-field-checkbox forminator-col forminator-col-12 \"><div role=\"group\" class=\"forminator-field required\" aria-labelledby=\"forminator-checkbox-group-69e1c7a1e324e-label\"><h4 id=\"forminator-checkbox-group-69e1c7a1e324e-label\" class=\"forminator-label\">Tratamento de Dados Pessoais <span class=\"forminator-required\">*<\/span><\/h4><label id=\"forminator-field-checkbox-2-1-69e1c7a1e324e-label\" for=\"forminator-field-checkbox-2-1-69e1c7a1e324e\" class=\"forminator-checkbox\" title=\"Autorizo expressamente o tratamento destes dados pessoais para efeitos de contacto e envio de informa\u00e7\u00f5es da Academia de Seguran\u00e7a pela Audiqcer de acordo com os termos e condi\u00e7\u00f5es da Pol\u00edtica de Prote\u00e7\u00e3o de Dados que se encontram dispon\u00edveis em www.academiadeseguranca.com. Estou informado de que a Audiqcer procede \u00e0 conserva\u00e7\u00e3o dos dados durante o per\u00edodo necess\u00e1rio \u00e0 prossecu\u00e7\u00e3o das finalidades de tratamento, cumprindo com os prazos legais. Tenho consci\u00eancia de que posso exercer os meus direitos de prote\u00e7\u00e3o de dados, nomeadamente os direitos de informa\u00e7\u00e3o, acesso, consulta, retifica\u00e7\u00e3o, oposi\u00e7\u00e3o ao tratamento, apagamento ou remo\u00e7\u00e3o de subscri\u00e7\u00e3o, dentro do hor\u00e1rio normal de funcionamento, atrav\u00e9s de contacto com o Encarregado da Prote\u00e7\u00e3o de Dados da Audiqcer, pelo correio eletr\u00f3nico protecaodedados@audiqcer.com.\"><input type=\"checkbox\" name=\"checkbox-2[]\" value=\"one\" id=\"forminator-field-checkbox-2-1-69e1c7a1e324e\" aria-labelledby=\"forminator-field-checkbox-2-1-69e1c7a1e324e-label\" data-calculation=\"0\"   aria-describedby=\"forminator-field-checkbox-2-69e1c7a1e324e-description\"\/><span class=\"forminator-checkbox-box\" aria-hidden=\"true\"><\/span><span class=\"forminator-checkbox-label\">Autorizo expressamente o tratamento destes dados pessoais para efeitos de contacto e envio de informa\u00e7\u00f5es da Academia de Seguran\u00e7a pela Audiqcer de acordo com os termos e condi\u00e7\u00f5es da Pol\u00edtica de Prote\u00e7\u00e3o de Dados que se encontram dispon\u00edveis em www.academiadeseguranca.com. Estou informado de que a Audiqcer procede \u00e0 conserva\u00e7\u00e3o dos dados durante o per\u00edodo necess\u00e1rio \u00e0 prossecu\u00e7\u00e3o das finalidades de tratamento, cumprindo com os prazos legais. Tenho consci\u00eancia de que posso exercer os meus direitos de prote\u00e7\u00e3o de dados, nomeadamente os direitos de informa\u00e7\u00e3o, acesso, consulta, retifica\u00e7\u00e3o, oposi\u00e7\u00e3o ao tratamento, apagamento ou remo\u00e7\u00e3o de subscri\u00e7\u00e3o, dentro do hor\u00e1rio normal de funcionamento, atrav\u00e9s de contacto com o Encarregado da Prote\u00e7\u00e3o de Dados da Audiqcer, pelo correio eletr\u00f3nico protecaodedados@audiqcer.com.<\/span><\/label><\/div><\/div><\/div><div class=\"forminator-row\"><\/div><input type=\"hidden\" name=\"referer_url\" value=\"\" \/><div class=\"forminator-row forminator-row-last\"><div class=\"forminator-col\"><div class=\"forminator-field\"><button class=\"forminator-button forminator-button-submit\">Enviar Mensagem<\/button><\/div><\/div><\/div><input type=\"hidden\" id=\"forminator_nonce\" name=\"forminator_nonce\" value=\"a2a8515135\" \/><input type=\"hidden\" name=\"_wp_http_referer\" value=\"\/index.php\/wp-json\/wp\/v2\/pages\/28943\" \/><input type=\"hidden\" name=\"form_id\" value=\"34603\"><input type=\"hidden\" name=\"page_id\" value=\"28943\"><input type=\"hidden\" name=\"form_type\" value=\"default\"><input type=\"hidden\" name=\"current_url\" value=\"https:\/\/academiadeseguranca.com\/index.php\/contactos\/\"><input type=\"hidden\" name=\"render_id\" value=\"1\"><input type=\"hidden\" name=\"action\" value=\"forminator_submit_form_custom-forms\"><\/form><\/p>\n","protected":false},"author":1,"featured_media":0,"parent":0,"menu_order":0,"comment_status":"closed","ping_status":"closed","template":"","meta":{"_et_pb_use_builder":"on","_et_pb_old_content":"","_et_gb_content_width":"","inline_featured_image":false,"footnotes":""},"categories":[],"tags":[],"aioseo_notices":[],"_links":{"self":[{"href":"https:\/\/academiadeseguranca.com\/index.php\/wp-json\/wp\/v2\/pages\/28943"}],"collection":[{"href":"https:\/\/academiadeseguranca.com\/index.php\/wp-json\/wp\/v2\/pages"}],"about":[{"href":"https:\/\/academiadeseguranca.com\/index.php\/wp-json\/wp\/v2\/types\/page"}],"author":[{"embeddable":true,"href":"https:\/\/academiadeseguranca.com\/index.php\/wp-json\/wp\/v2\/users\/1"}],"replies":[{"embeddable":true,"href":"https:\/\/academiadeseguranca.com\/index.php\/wp-json\/wp\/v2\/comments?post=28943"}],"version-history":[{"count":5,"href":"https:\/\/academiadeseguranca.com\/index.php\/wp-json\/wp\/v2\/pages\/28943\/revisions"}],"predecessor-version":[{"id":34649,"href":"https:\/\/academiadeseguranca.com\/index.php\/wp-json\/wp\/v2\/pages\/28943\/revisions\/34649"}],"wp:attachment":[{"href":"https:\/\/academiadeseguranca.com\/index.php\/wp-json\/wp\/v2\/media?parent=28943"}],"wp:term":[{"taxonomy":"category","embeddable":true,"href":"https:\/\/academiadeseguranca.com\/index.php\/wp-json\/wp\/v2\/categories?post=28943"},{"taxonomy":"post_tag","embeddable":true,"href":"https:\/\/academiadeseguranca.com\/index.php\/wp-json\/wp\/v2\/tags?post=28943"}],"curies":[{"name":"wp","href":"https:\/\/api.w.org\/{rel}","templated":true}]}}